emainder when 5406 is divided by 1796.
18
What is the remainder when 246 is divided by 120?
6
What is the remainder when 11337 is divided by 5667?
3
Calculate the remainder when 351915 is divided by 530.
525
Calculate the remainder when 10718 is divided by 206.
6
What is the remainder when 57459 is divided by 18780?
1119
What is the remainder when 4127591 is divided by 632?
631
Calculate the remainder when 26899 is divided by 59.
54
Calculate the remainder when 3864 is divided by 1884.
96
What is the remainder when 9611 is divided by 4801?
9
Calculate the remainder when 20615 is divided by 4121.
10
What is the remainder when 4769095 is divided by 107?
105
What is the remainder when 40020 is divided by 10004?
4
Calculate the remainder when 12075 is divided by 548.
19
Calculate the remainder when 592652 is divided by 64.
12
What is the remainder when 11946 is divided by 78?
12
What is the remainder when 1008 is divided by 37?
9
Calculate the remainder when 32710 is divided by 5447.
28
Calculate the remainder when 91886 is divided by 6.
2
What is the remainder when 15057 is divided by 1661?
108
Calculate the remainder when 5647 is divided by 113.
110
Calculate the remainder when 41798 is divided by 50.
48
What is the remainder when 26609 is divided by 74?
43
Calculate the remainder when 37277 is divided by 17.
13
Calculate the remainder when 1013 is divided by 806.
207
What is the remainder when 635775 is divided by 64?
63
What is the remainder when 2602 is divided by 124?
122
Calculate the remainder when 5042429 is divided by 30.
29
What is the remainder when 17283 is divided by 31?
16
What is the remainder when 65169 is divided by 1810?
9
What is the remainder when 4551 is divided by 1110?
111
Calculate the remainder when 35751 is divided by 151.
115
Calculate the remainder when 166064 is divided by 197.
190
Calculate the remainder when 6263 is divided by 105.
68
What is the remainder when 4219 is divided by 53?
32
What is the remainder when 1859 is divided by 460?
19
What is the remainder when 3513 is divided by 188?
129
What is the remainder when 1179 is divided by 25?
4
Calculate the remainder when 113723 is divided by 35.
8
Calculate the remainder when 67844 is divided by 265.
4
Calculate the remainder when 29535 is divided by 4920.
15
What is the remainder when 2227 is divided by 428?
87
What is the remainder when 9574 is divided by 103?
98
Calculate the remainder when 5104 is divided by 568.
560
Calculate the remainder when 1687 is divided by 210.
7
What is the remainder when 31 is divided by 10?
1
What is the remainder when 62121 is divided by 35?
31
Calculate the remainder when 15727 is divided by 3922.
39
Calculate the remainder when 19085 is divided by 166.
161
What is the remainder when 419855 is divided by 762?
755
Calculate the remainder when 126235 is divided by 2805.
10
Calculate the remainder when 3582 is divided by 22.
18
What is the remainder when 76707 is divided by 19147?
119
What is the remainder when 1391 is divided by 212?
119
What is the remainder when 3236 is divided by 570?
386
What is the remainder when 55350 is divided by 22?
20
Calculate the remainder when 3960 is divided by 802.
752
What is the remainder when 127710 is divided by 33?
0
What is the remainder when 53224 is divided by 3546?
34
What is the remainder when 97074 is divided by 13864?
26
What is the remainder when 66074 is divided by 118?
112
What is the remainder when 757 is divided by 2?
1
Calculate the remainder when 13272 is divided by 2557.
487
Calculate the remainder when 55897 is divided by 1554.
1507
Calculate the remainder when 3293 is divided by 3290.
3
What is the remainder when 25650 is divided by 19?
0
What is the remainder when 72200 is divided by 7219?
10
Calculate the remainder when 7812 is divided by 109.
73
Calculate the remainder when 110041 is divided by 1157.
126
What is the remainder when 2027278 is divided by 57922?
8
Calculate the remainder when 195164 is divided by 33.
2
What is the remainder when 13373 is divided by 2674?
3
What is the remainder when 36835 is divided by 467?
409
What is the remainder when 3637809 is divided by 87?
78
What is the remainder when 1969940 is divided by 24?
20
Calculate the remainder when 1580354 is divided by 1015.
1014
Calculate the remainder when 17230 is divided by 3439.
35
Calculate the remainder when 891 is divided by 3.
0
Calculate the remainder when 20005 is divided by 10.
5
What is the remainder when 30377 is divided by 271?
25
What is the remainder when 216654 is divided by 43329?
9
Calculate the remainder when 745 is divided by 183.
13
What is the remainder when 2078294 is divided by 1243?
1241
Calculate the remainder when 362691 is divided by 90670.
11
Calculate the remainder when 275636 is divided by 233.
230
What is the remainder when 14340 is divided by 78?
66
What is the remainder when 33718 is divided by 16841?
36
Calculate the remainder when 23121 is divided by 502.
29
What is the remainder when 5501 is divided by 131?
130
Calculate the remainder when 232457 is divided by 17.
16
Calculate the remainder when 2412 is divided by 2139.
273
What is the remainder when 1337769 is divided by 29?
28
What is the remainder when 118673 is divided by 59301?
71
Calculate the remainder when 4422 is divided by 1439.
105
Calculate the remainder when 29722 is divided by 232.
26
What is the remainder when 430907 is divided by 377?
373
Calculate the remainder when 1045 is divided by 56.
37
Calculate the remainder when 48056 is divided by 9.
5
What is the remainder when 316296 is divided by 60?
36
Calculate the remainder when 49268 is divided by 109.
0
Calculate the remainder when 487653 is divided by 121911.
9
Calculate the remainder when 675134 is divided by 704.
702
Calculate the remainder when 1005395 is divided by 502692.
11
Calculate the remainder when 714003 is divided by 2125.
3
What is the remainder when 3936 is divided by 1293?
57
What is the remainder when 60782 is divided by 26?
20
Calculate the remainder when 171173 is divided by 282.
281
What is the remainder when 1591 is divided by 1154?
437
What is the remainder when 155643 is divided by 9?
6
What is the remainder when 7918 is divided by 7856?
62
Calculate the remainder when 11121 is divided by 383.
14
What is the remainder when 6073 is divided by 103?
99
Calculate the remainder when 100293 is divided by 9.
6
What is the remainder when 4967 is divided by 24?
23
What is the remainder when 3153 is divided by 21?
3
What is the remainder when 5075 is divided by 5063?
12
Calculate the remainder when 2209 is divided by 85.
84
Calculate the remainder when 1167 is divided by 57.
27
What is the remainder when 1320 is divided by 45?
15
Calculate the remainder when 13091 is divided by 324.
131
What is the remainder when 7938 is divided by 298?
190
Calculate the remainder when 19276 is divided by 2140.
16
What is the remainder when 18991 is divided by 1404?
739
Calculate the remainder when 77517 is divided by 38.
35
Calculate the remainder when 8616 is divided by 428.
56
What is the remainder when 664880 is divided by 253?
249
Calculate the remainder when 22631 is divided by 720.
311
What is the remainder when 7716 is divided by 625?
216
What is the remainder when 15717 is divided by 30?
27
What is the remainder when 305639 is divided by 476?
47
What is the remainder when 5865 is divided by 1941?
42
What is the remainder when 18830 is divided by 179?
35
Calculate the remainder when 645123 is divided by 125.
123
Calculate the remainder when 16573 is divided by 2551.
1267
What is the remainder when 50690 is divided by 16891?
17
What is the remainder when 5838475 is divided by 47?
41
Calculate the remainder when 357402 is divided by 24.
18
What is the remainder when 14961 is divided by 220?
1
Calculate the remainder when 3594 is divided by 742.
626
Calculate the remainder when 237990 is divided by 21.
18
Calculate the remainder when 1010 is divided by 349.
312
What is the remainder when 102177 is divided by 11?
9
What is the remainder when 94948 is divided by 150?
148
What is the remainder when 48152 is divided by 398?
392
Calculate the remainder when 1511 is divided by 126.
125
What is the remainder when 15118 is divided by 159?
13
Calculate the re